{"id":423,"date":"2024-12-04T23:13:04","date_gmt":"2024-12-04T22:13:04","guid":{"rendered":"https:\/\/efg-hohenahr.de\/www\/?page_id=423"},"modified":"2026-03-15T18:08:44","modified_gmt":"2026-03-15T17:08:44","slug":"gottesdienst","status":"publish","type":"page","link":"https:\/\/efg-hohenahr.de\/www\/gottesdienst\/","title":{"rendered":"Gottesdienst"},"content":{"rendered":"\n<p>Sonntags laden wir Dich zu gemeinsamen Gottesdiensten in der Christuskirche herzlich ein. Diese Zusammenkunft ist das zentrale Ereignis im Gemeindeleben. Der erste Tag der Woche beginnt nach dem J\u00fcdischen Kalender mit dem Gottesdienst. Wir kommen hier zusammen um zu singen, zu beten, die Predigt zu h\u00f6ren und das Abendmahl zu feiern. Die T\u00fcren der Christuskirche sind f\u00fcr alle Menschen offen. Du bist herzlich willkommen!<\/p>\n\n\n\n<figure class=\"wp-block-table is-style-stripes\"><table class=\"has-fixed-layout\"><tbody><tr><td><strong>Datum<\/strong><\/td><td><strong>Besonderheiten<\/strong><\/td><td><\/td><td><strong>Predigt<\/strong><\/td><\/tr><tr><td>22.03.26 <br>um 10:30<\/td><td><\/td><td><\/td><td>Arthur Reiswich<\/td><\/tr><tr><td>29.03.26 <br>um 10:30<\/td><td><\/td><td><\/td><td>Emmanuel H\u00e4de<\/td><\/tr><tr><td>03.04.26<br>um 16:00<\/td><td>Karfreitag<\/td><td><\/td><td>Carsten Polanz<\/td><\/tr><tr><td>05.04.26 <br>um 10:30<\/td><td>Ostersonntag<\/td><td><\/td><td>Helge Stadelmann<\/td><\/tr><tr><td>12.04.26 <br>um 10:30<\/td><td><\/td><td><\/td><td>Dejan Azdajic<\/td><\/tr><tr><td>19.04.26 <br>um 10:30<\/td><td><\/td><td><\/td><td>Andreas Kreuter<\/td><\/tr><tr><td>26.04.26 <br>um 10:30<\/td><td><\/td><td><\/td><td>Jochen Grebe<\/td><\/tr><tr><td>03.05.26 <br>um 10:30<\/td><td>Abendmahl<\/td><td><\/td><td>Helge Stadelmann<\/td><\/tr><tr><td>10.05.26 <br>um 10:30<\/td><td><\/td><td><\/td><td>Steffen Weil<\/td><\/tr><tr><td>17.05.26 <br>um 10:30<\/td><td><\/td><td><\/td><td>Kevin Baumbach<\/td><\/tr><tr><td>24.05.26 <br>um 10:30<\/td><td><\/td><td><\/td><td>Philipp Bartholom\u00e4<\/td><\/tr><tr><td>31.05.26 <br>um 10:30<\/td><td><\/td><td><\/td><td>Benni Trakle<\/td><\/tr><tr><td>07.06.26 <br>um 10:30<\/td><td><br>Abendmahl<\/td><td><\/td><td>Frank D\u00fcck<\/td><\/tr><\/tbody><\/table><\/figure>\n","protected":false},"excerpt":{"rendered":"<p>Sonntags laden wir Dich zu gemeinsamen Gottesdiensten in der Christuskirche herzlich ein. Diese Zusammenkunft ist das zentrale Ereignis im Gemeindeleben. Der erste Tag der Woche beginnt nach dem J\u00fcdischen Kalender mit dem Gottesdienst. Wir kommen hier zusammen um zu singen, zu beten, die Predigt zu h\u00f6ren und das Abendmahl zu [&hellip;]<\/p>\n","protected":false},"author":1,"featured_media":0,"parent":0,"menu_order":0,"comment_status":"closed","ping_status":"closed","template":"","meta":{"_themeisle_gutenberg_block_has_review":false,"footnotes":""},"class_list":["post-423","page","type-page","status-publish","hentry"],"_links":{"self":[{"href":"https:\/\/efg-hohenahr.de\/www\/wp-json\/wp\/v2\/pages\/423","targetHints":{"allow":["GET"]}}],"collection":[{"href":"https:\/\/efg-hohenahr.de\/www\/wp-json\/wp\/v2\/pages"}],"about":[{"href":"https:\/\/efg-hohenahr.de\/www\/wp-json\/wp\/v2\/types\/page"}],"author":[{"embeddable":true,"href":"https:\/\/efg-hohenahr.de\/www\/wp-json\/wp\/v2\/users\/1"}],"replies":[{"embeddable":true,"href":"https:\/\/efg-hohenahr.de\/www\/wp-json\/wp\/v2\/comments?post=423"}],"version-history":[{"count":10,"href":"https:\/\/efg-hohenahr.de\/www\/wp-json\/wp\/v2\/pages\/423\/revisions"}],"predecessor-version":[{"id":1049,"href":"https:\/\/efg-hohenahr.de\/www\/wp-json\/wp\/v2\/pages\/423\/revisions\/1049"}],"wp:attachment":[{"href":"https:\/\/efg-hohenahr.de\/www\/wp-json\/wp\/v2\/media?parent=423"}],"curies":[{"name":"wp","href":"https:\/\/api.w.org\/{rel}","templated":true}]}}

<p>Sonntags laden wir Dich zu gemeinsamen Gottesdiensten in der Christuskirche herzlich ein. Diese Zusammenkunft ist das zentrale Ereignis im Gemeindeleben. Der erste Tag der Woche beginnt nach dem Jüdischen Kalender mit dem Gottesdienst. Wir kommen hier zusammen um zu singen, zu beten, die Predigt zu hören und das Abendmahl zu feiern. Die Türen der Christuskirche sind für alle Menschen offen. Du bist herzlich willkommen!</p>



<figure class="wp-block-table is-style-stripes"><table class="has-fixed-layout"><tbody><tr><td><strong>Datum</strong></td><td><strong>Besonderheiten</strong></td><td></td><td><strong>Predigt</strong></td></tr><tr><td>22.03.26 <br>um 10:30</td><td></td><td></td><td>Arthur Reiswich</td></tr><tr><td>29.03.26 <br>um 10:30</td><td></td><td></td><td>Emmanuel Häde</td></tr><tr><td>03.04.26<br>um 16:00</td><td>Karfreitag</td><td></td><td>Carsten Polanz</td></tr><tr><td>05.04.26 <br>um 10:30</td><td>Ostersonntag</td><td></td><td>Helge Stadelmann</td></tr><tr><td>12.04.26 <br>um 10:30</td><td></td><td></td><td>Dejan Azdajic</td></tr><tr><td>19.04.26 <br>um 10:30</td><td></td><td></td><td>Andreas Kreuter</td></tr><tr><td>26.04.26 <br>um 10:30</td><td></td><td></td><td>Jochen Grebe</td></tr><tr><td>03.05.26 <br>um 10:30</td><td>Abendmahl</td><td></td><td>Helge Stadelmann</td></tr><tr><td>10.05.26 <br>um 10:30</td><td></td><td></td><td>Steffen Weil</td></tr><tr><td>17.05.26 <br>um 10:30</td><td></td><td></td><td>Kevin Baumbach</td></tr><tr><td>24.05.26 <br>um 10:30</td><td></td><td></td><td>Philipp Bartholomä</td></tr><tr><td>31.05.26 <br>um 10:30</td><td></td><td></td><td>Benni Trakle</td></tr><tr><td>07.06.26 <br>um 10:30</td><td><br>Abendmahl</td><td></td><td>Frank Dück</td></tr></tbody></table></figure>

<p>Sonntags laden wir Dich zu gemeinsamen Gottesdiensten in der Christuskirche herzlich ein. Diese Zusammenkunft ist das zentrale Ereignis im Gemeindeleben. Der erste Tag der Woche beginnt nach dem Jüdischen Kalender mit dem Gottesdienst. Wir kommen hier zusammen um zu singen, zu beten, die Predigt zu hören und das Abendmahl zu [&hellip;]</p>
