{"id":20,"date":"2024-11-22T21:55:59","date_gmt":"2024-11-22T20:55:59","guid":{"rendered":"https:\/\/efg-hohenahr.de\/www\/?page_id=20"},"modified":"2024-12-05T23:43:18","modified_gmt":"2024-12-05T22:43:18","slug":"startseite","status":"publish","type":"page","link":"https:\/\/efg-hohenahr.de\/www\/","title":{"rendered":"Startseite"},"content":{"rendered":"\n<div class=\"wp-block-cover alignfull is-light hestia-clear-top-padding\"><span aria-hidden=\"true\" class=\"wp-block-cover__background has-white-background-color has-background-dim-100 has-background-dim\"><\/span><div class=\"wp-block-cover__inner-container is-layout-flow wp-block-cover-is-layout-flow\">\n<p><\/p>\n\n\n\n<p><\/p>\n\n\n\n<h2 class=\"wp-block-heading has-text-align-center has-text-color\" style=\"color:#3c4858\">Die CHRISTUSKIRCHE <\/h2>\n\n\n\n<h2 class=\"wp-block-heading has-text-align-center has-text-color has-link-color wp-elements-e47f5da27196051dc608388bbcff5170\" style=\"color:#3c4858\">Evangelisch freikirchliche Gemeinde<\/h2>\n\n\n\n<p class=\"has-text-align-center\">mitten in Erda zuhause. Die zur Kirche umgebaute \u201ealte Zigarrenfabrik\u201d ist ein un\u00fcbersehbarer Teil unseres Ortes. Sie ist f\u00fcr alle da.<\/p>\n\n\n\n<p class=\"has-text-align-center\">Wir glauben an den dreieinigen Gott. Das Apostolische Glaubensbekenntnis teilen wir aus \u00dcberzeugung. Wir glauben an das Evangelium von Jesus Christus. Wir nehmen die Bibel als Gottes gute Botschaft ernst. Wir wollen keine \u201ebesseren Christen\u201d sein, sondern einfach von Herzen Christen.<\/p>\n\n\n\n<div style=\"height:40px\" aria-hidden=\"true\" class=\"wp-block-spacer\"><\/div>\n\n\n\n<div class=\"wp-block-columns container is-layout-flex wp-container-core-columns-is-layout-28f84493 wp-block-columns-is-layout-flex\">\n<div class=\"wp-block-column is-layout-flow wp-block-column-is-layout-flow\"><div class=\"wp-block-image\">\n<figure class=\"aligncenter size-full is-resized\"><img loading=\"lazy\" decoding=\"async\" width=\"1024\" height=\"1024\" src=\"https:\/\/efg-hohenahr.de\/www\/wp-content\/uploads\/2024\/11\/WhatsApp-Image-2024-11-24-at-17.57.36.jpeg\" alt=\"\" class=\"wp-image-176\" style=\"width:100px;height:auto\" srcset=\"https:\/\/efg-hohenahr.de\/www\/wp-content\/uploads\/2024\/11\/WhatsApp-Image-2024-11-24-at-17.57.36.jpeg 1024w, https:\/\/efg-hohenahr.de\/www\/wp-content\/uploads\/2024\/11\/WhatsApp-Image-2024-11-24-at-17.57.36-300x300.jpeg 300w, https:\/\/efg-hohenahr.de\/www\/wp-content\/uploads\/2024\/11\/WhatsApp-Image-2024-11-24-at-17.57.36-150x150.jpeg 150w, https:\/\/efg-hohenahr.de\/www\/wp-content\/uploads\/2024\/11\/WhatsApp-Image-2024-11-24-at-17.57.36-768x768.jpeg 768w\" sizes=\"auto, (max-width: 1024px) 100vw, 1024px\" \/><\/figure>\n<\/div>\n\n\n<h5 class=\"wp-block-heading has-text-align-center has-text-color\" style=\"color:#3c4858;font-size:18px\">Evangelisch<\/h5>\n\n\n\n<p class=\"has-text-align-center has-text-color\" style=\"color:#999999;font-size:14px\">Evangelikale&nbsp;<strong>nehmen die Bibel ernst und glauben an Jesus Christus als Erl\u00f6ser und Herrn<\/strong>&nbsp;. Der Begriff \u201eevangelisch\u201c kommt vom griechischen Wort euangelion, das \u201edie gute Nachricht\u201c oder \u201eEvangelium\u201c bedeutet. Der evangelikale Glaube konzentriert sich also auf die \u201egute Nachricht\u201c der Erl\u00f6sung, die Jesus Christus, Sohn Gottes, den S\u00fcndern bringt.<\/p>\n\n\n\n<div style=\"height:25px\" aria-hidden=\"true\" class=\"wp-block-spacer\"><\/div>\n<\/div>\n\n\n\n<div class=\"wp-block-column is-layout-flow wp-block-column-is-layout-flow\"><div class=\"wp-block-image\">\n<figure class=\"aligncenter size-full is-resized\"><img loading=\"lazy\" decoding=\"async\" width=\"1024\" height=\"1024\" src=\"https:\/\/efg-hohenahr.de\/www\/wp-content\/uploads\/2024\/12\/WhatsApp-Image-2024-12-04-at-22.54.49.jpeg\" alt=\"\" class=\"wp-image-407\" style=\"width:98px;height:auto\" srcset=\"https:\/\/efg-hohenahr.de\/www\/wp-content\/uploads\/2024\/12\/WhatsApp-Image-2024-12-04-at-22.54.49.jpeg 1024w, https:\/\/efg-hohenahr.de\/www\/wp-content\/uploads\/2024\/12\/WhatsApp-Image-2024-12-04-at-22.54.49-300x300.jpeg 300w, https:\/\/efg-hohenahr.de\/www\/wp-content\/uploads\/2024\/12\/WhatsApp-Image-2024-12-04-at-22.54.49-150x150.jpeg 150w, https:\/\/efg-hohenahr.de\/www\/wp-content\/uploads\/2024\/12\/WhatsApp-Image-2024-12-04-at-22.54.49-768x768.jpeg 768w\" sizes=\"auto, (max-width: 1024px) 100vw, 1024px\" \/><\/figure>\n<\/div>\n\n\n<h5 class=\"wp-block-heading has-text-align-center has-text-color\" style=\"color:#3c4858;font-size:18px\">Freikirchlich<\/h5>\n\n\n\n<p class=\"has-text-align-center has-text-color\" style=\"color:#999999;font-size:14px\">Wir legen gro\u00dfen Wert auf die Unabh\u00e4ngigkeit von Kirche und Staat. Auf die Erhebung einer Kirchensteuer verzichten wir zugunsten freiwilliger Beitr\u00e4ge und Spenden unserer Mitglieder und Freunde. Mitglied unserer Gemeinde kann werden, wer sich nach dem Vorbild des Neuen Testaments aufgrund freier Entscheidung und des Bekenntnisses seines Glaubens an Jesus Christus taufen l\u00e4sst.<\/p>\n\n\n\n<div style=\"height:25px\" aria-hidden=\"true\" class=\"wp-block-spacer\"><\/div>\n<\/div>\n\n\n\n<div class=\"wp-block-column is-layout-flow wp-block-column-is-layout-flow\"><div class=\"wp-block-image\">\n<figure class=\"aligncenter size-full is-resized\"><img loading=\"lazy\" decoding=\"async\" width=\"720\" height=\"405\" src=\"https:\/\/efg-hohenahr.de\/www\/wp-content\/uploads\/2024\/12\/Bund.jpg\" alt=\"\" class=\"wp-image-410\" style=\"width:172px;height:auto\" srcset=\"https:\/\/efg-hohenahr.de\/www\/wp-content\/uploads\/2024\/12\/Bund.jpg 720w, https:\/\/efg-hohenahr.de\/www\/wp-content\/uploads\/2024\/12\/Bund-300x169.jpg 300w\" sizes=\"auto, (max-width: 720px) 100vw, 720px\" \/><\/figure>\n<\/div>\n\n\n<h5 class=\"wp-block-heading has-text-align-center has-text-color\" style=\"color:#3c4858;font-size:18px\">Baptisten<\/h5>\n\n\n\n<p class=\"has-text-align-center has-text-color\" style=\"color:#999999;font-size:14px\">In Deutschland nennen sich die Baptisten (T\u00e4ufer) \u201eEvangelisch-Freikirchliche Gemeinden\u201c. Wir geh\u00f6ren deshalb zum \u201eBund Evangelisch-Freikirchlicher Gemeinden in Deutschland K.d.\u00f6.R.\u201c (BEFG). Wesentlich f\u00fcr diesen Bund ist die Selbst\u00e4ndigkeit der Ortsgemeinden.  Unser Name ist Programm, wir taufen keine S\u00e4uglinge, sondern Menschen, die selbst ihre Taufe bef\u00fcrworten und w\u00fcnschen.<\/p>\n\n\n\n<div style=\"height:25px\" aria-hidden=\"true\" class=\"wp-block-spacer\"><\/div>\n<\/div>\n<\/div>\n\n\n\n<div style=\"height:40px\" aria-hidden=\"true\" class=\"wp-block-spacer\"><\/div>\n<\/div><\/div>\n\n\n\n<div class=\"wp-block-columns container is-layout-flex wp-container-core-columns-is-layout-28f84493 wp-block-columns-is-layout-flex\">\n<div class=\"wp-block-column col-md-5 is-layout-flow wp-block-column-is-layout-flow\">\n<div style=\"height:55px\" aria-hidden=\"true\" class=\"wp-block-spacer\"><\/div>\n\n\n\n<h2 class=\"wp-block-heading\">Unsere Geschichte<\/h2>\n\n\n\n<p>Gott hat Humor &#8211; oder wie aus<\/p>\n\n\n\n<p>einer Zigarrenfabrik ein<\/p>\n\n\n\n<p>Gotteshaus wurde<\/p>\n<\/div>\n\n\n\n<div class=\"wp-block-column col-md-6 col-md-offset1 is-layout-flow wp-block-column-is-layout-flow\">\n<div style=\"height:55px\" aria-hidden=\"true\" class=\"wp-block-spacer\"><\/div>\n\n\n\n<figure class=\"wp-block-gallery has-nested-images columns-default is-cropped wp-block-gallery-1 is-layout-flex wp-block-gallery-is-layout-flex\">\n<figure class=\"wp-block-image size-full is-style-default\" id=\"wp-block-themeisle-blocks-image-2d7ed07b\"><a href=\"https:\/\/efg-hohenahr.de\/www\/ueber-uns-2\/\"><img loading=\"lazy\" decoding=\"async\" width=\"1920\" height=\"1080\" data-id=\"227\" src=\"https:\/\/efg-hohenahr.de\/www\/wp-content\/uploads\/2024\/11\/3.jpg\" alt=\"\" class=\"wp-image-227\" srcset=\"https:\/\/efg-hohenahr.de\/www\/wp-content\/uploads\/2024\/11\/3.jpg 1920w, https:\/\/efg-hohenahr.de\/www\/wp-content\/uploads\/2024\/11\/3-300x169.jpg 300w, https:\/\/efg-hohenahr.de\/www\/wp-content\/uploads\/2024\/11\/3-1024x576.jpg 1024w, https:\/\/efg-hohenahr.de\/www\/wp-content\/uploads\/2024\/11\/3-768x432.jpg 768w, https:\/\/efg-hohenahr.de\/www\/wp-content\/uploads\/2024\/11\/3-1536x864.jpg 1536w\" sizes=\"auto, (max-width: 1920px) 100vw, 1920px\" \/><\/a><\/figure>\n<\/figure>\n\n\n\n<p><\/p>\n<\/div>\n<\/div>\n\n\n\n<p><\/p>\n","protected":false},"excerpt":{"rendered":"<p>Unsere Geschichte Gott hat Humor &#8211; oder wie aus einer Zigarrenfabrik ein Gotteshaus wurde<\/p>\n","protected":false},"author":1,"featured_media":12,"parent":0,"menu_order":0,"comment_status":"closed","ping_status":"closed","template":"","meta":{"_themeisle_gutenberg_block_has_review":false,"footnotes":""},"class_list":["post-20","page","type-page","status-publish","has-post-thumbnail","hentry"],"_links":{"self":[{"href":"https:\/\/efg-hohenahr.de\/www\/wp-json\/wp\/v2\/pages\/20","targetHints":{"allow":["GET"]}}],"collection":[{"href":"https:\/\/efg-hohenahr.de\/www\/wp-json\/wp\/v2\/pages"}],"about":[{"href":"https:\/\/efg-hohenahr.de\/www\/wp-json\/wp\/v2\/types\/page"}],"author":[{"embeddable":true,"href":"https:\/\/efg-hohenahr.de\/www\/wp-json\/wp\/v2\/users\/1"}],"replies":[{"embeddable":true,"href":"https:\/\/efg-hohenahr.de\/www\/wp-json\/wp\/v2\/comments?post=20"}],"version-history":[{"count":0,"href":"https:\/\/efg-hohenahr.de\/www\/wp-json\/wp\/v2\/pages\/20\/revisions"}],"wp:featuredmedia":[{"embeddable":true,"href":"https:\/\/efg-hohenahr.de\/www\/wp-json\/wp\/v2\/media\/12"}],"wp:attachment":[{"href":"https:\/\/efg-hohenahr.de\/www\/wp-json\/wp\/v2\/media?parent=20"}],"curies":[{"name":"wp","href":"https:\/\/api.w.org\/{rel}","templated":true}]}}

<div class="wp-block-cover alignfull is-light hestia-clear-top-padding"><span aria-hidden="true" class="wp-block-cover__background has-white-background-color has-background-dim-100 has-background-dim"></span><div class="wp-block-cover__inner-container is-layout-flow wp-block-cover-is-layout-flow">
<p></p>



<p></p>



<h2 class="wp-block-heading has-text-align-center has-text-color" style="color:#3c4858">Die CHRISTUSKIRCHE </h2>



<h2 class="wp-block-heading has-text-align-center has-text-color has-link-color wp-elements-e47f5da27196051dc608388bbcff5170" style="color:#3c4858">Evangelisch freikirchliche Gemeinde</h2>



<p class="has-text-align-center">mitten in Erda zuhause. Die zur Kirche umgebaute „alte Zigarrenfabrik” ist ein unübersehbarer Teil unseres Ortes. Sie ist für alle da.</p>



<p class="has-text-align-center">Wir glauben an den dreieinigen Gott. Das Apostolische Glaubensbekenntnis teilen wir aus Überzeugung. Wir glauben an das Evangelium von Jesus Christus. Wir nehmen die Bibel als Gottes gute Botschaft ernst. Wir wollen keine „besseren Christen” sein, sondern einfach von Herzen Christen.</p>



<div style="height:40px" aria-hidden="true" class="wp-block-spacer"></div>



<div class="wp-block-columns container is-layout-flex wp-container-core-columns-is-layout-28f84493 wp-block-columns-is-layout-flex">
<div class="wp-block-column is-layout-flow wp-block-column-is-layout-flow"><div class="wp-block-image">
<figure class="aligncenter size-full is-resized"><img loading="lazy" decoding="async" width="1024" height="1024" src="https://efg-hohenahr.de/www/wp-content/uploads/2024/11/WhatsApp-Image-2024-11-24-at-17.57.36.jpeg" alt="" class="wp-image-176" style="width:100px;height:auto" srcset="https://efg-hohenahr.de/www/wp-content/uploads/2024/11/WhatsApp-Image-2024-11-24-at-17.57.36.jpeg 1024w, https://efg-hohenahr.de/www/wp-content/uploads/2024/11/WhatsApp-Image-2024-11-24-at-17.57.36-300x300.jpeg 300w, https://efg-hohenahr.de/www/wp-content/uploads/2024/11/WhatsApp-Image-2024-11-24-at-17.57.36-150x150.jpeg 150w, https://efg-hohenahr.de/www/wp-content/uploads/2024/11/WhatsApp-Image-2024-11-24-at-17.57.36-768x768.jpeg 768w" sizes="auto, (max-width: 1024px) 100vw, 1024px" /></figure>
</div>


<h5 class="wp-block-heading has-text-align-center has-text-color" style="color:#3c4858;font-size:18px">Evangelisch</h5>



<p class="has-text-align-center has-text-color" style="color:#999999;font-size:14px">Evangelikale&nbsp;<strong>nehmen die Bibel ernst und glauben an Jesus Christus als Erlöser und Herrn</strong>&nbsp;. Der Begriff „evangelisch“ kommt vom griechischen Wort euangelion, das „die gute Nachricht“ oder „Evangelium“ bedeutet. Der evangelikale Glaube konzentriert sich also auf die „gute Nachricht“ der Erlösung, die Jesus Christus, Sohn Gottes, den Sündern bringt.</p>



<div style="height:25px" aria-hidden="true" class="wp-block-spacer"></div>
</div>



<div class="wp-block-column is-layout-flow wp-block-column-is-layout-flow"><div class="wp-block-image">
<figure class="aligncenter size-full is-resized"><img loading="lazy" decoding="async" width="1024" height="1024" src="https://efg-hohenahr.de/www/wp-content/uploads/2024/12/WhatsApp-Image-2024-12-04-at-22.54.49.jpeg" alt="" class="wp-image-407" style="width:98px;height:auto" srcset="https://efg-hohenahr.de/www/wp-content/uploads/2024/12/WhatsApp-Image-2024-12-04-at-22.54.49.jpeg 1024w, https://efg-hohenahr.de/www/wp-content/uploads/2024/12/WhatsApp-Image-2024-12-04-at-22.54.49-300x300.jpeg 300w, https://efg-hohenahr.de/www/wp-content/uploads/2024/12/WhatsApp-Image-2024-12-04-at-22.54.49-150x150.jpeg 150w, https://efg-hohenahr.de/www/wp-content/uploads/2024/12/WhatsApp-Image-2024-12-04-at-22.54.49-768x768.jpeg 768w" sizes="auto, (max-width: 1024px) 100vw, 1024px" /></figure>
</div>


<h5 class="wp-block-heading has-text-align-center has-text-color" style="color:#3c4858;font-size:18px">Freikirchlich</h5>



<p class="has-text-align-center has-text-color" style="color:#999999;font-size:14px">Wir legen großen Wert auf die Unabhängigkeit von Kirche und Staat. Auf die Erhebung einer Kirchensteuer verzichten wir zugunsten freiwilliger Beiträge und Spenden unserer Mitglieder und Freunde. Mitglied unserer Gemeinde kann werden, wer sich nach dem Vorbild des Neuen Testaments aufgrund freier Entscheidung und des Bekenntnisses seines Glaubens an Jesus Christus taufen lässt.</p>



<div style="height:25px" aria-hidden="true" class="wp-block-spacer"></div>
</div>



<div class="wp-block-column is-layout-flow wp-block-column-is-layout-flow"><div class="wp-block-image">
<figure class="aligncenter size-full is-resized"><img loading="lazy" decoding="async" width="720" height="405" src="https://efg-hohenahr.de/www/wp-content/uploads/2024/12/Bund.jpg" alt="" class="wp-image-410" style="width:172px;height:auto" srcset="https://efg-hohenahr.de/www/wp-content/uploads/2024/12/Bund.jpg 720w, https://efg-hohenahr.de/www/wp-content/uploads/2024/12/Bund-300x169.jpg 300w" sizes="auto, (max-width: 720px) 100vw, 720px" /></figure>
</div>


<h5 class="wp-block-heading has-text-align-center has-text-color" style="color:#3c4858;font-size:18px">Baptisten</h5>



<p class="has-text-align-center has-text-color" style="color:#999999;font-size:14px">In Deutschland nennen sich die Baptisten (Täufer) „Evangelisch-Freikirchliche Gemeinden“. Wir gehören deshalb zum „Bund Evangelisch-Freikirchlicher Gemeinden in Deutschland K.d.ö.R.“ (BEFG). Wesentlich für diesen Bund ist die Selbständigkeit der Ortsgemeinden.  Unser Name ist Programm, wir taufen keine Säuglinge, sondern Menschen, die selbst ihre Taufe befürworten und wünschen.</p>



<div style="height:25px" aria-hidden="true" class="wp-block-spacer"></div>
</div>
</div>



<div style="height:40px" aria-hidden="true" class="wp-block-spacer"></div>
</div></div>



<div class="wp-block-columns container is-layout-flex wp-container-core-columns-is-layout-28f84493 wp-block-columns-is-layout-flex">
<div class="wp-block-column col-md-5 is-layout-flow wp-block-column-is-layout-flow">
<div style="height:55px" aria-hidden="true" class="wp-block-spacer"></div>



<h2 class="wp-block-heading">Unsere Geschichte</h2>



<p>Gott hat Humor &#8211; oder wie aus</p>



<p>einer Zigarrenfabrik ein</p>



<p>Gotteshaus wurde</p>
</div>



<div class="wp-block-column col-md-6 col-md-offset1 is-layout-flow wp-block-column-is-layout-flow">
<div style="height:55px" aria-hidden="true" class="wp-block-spacer"></div>



<figure class="wp-block-gallery has-nested-images columns-default is-cropped wp-block-gallery-1 is-layout-flex wp-block-gallery-is-layout-flex">
<figure class="wp-block-image size-full is-style-default" id="wp-block-themeisle-blocks-image-2d7ed07b"><a href="https://efg-hohenahr.de/www/ueber-uns-2/"><img loading="lazy" decoding="async" width="1920" height="1080" data-id="227" src="https://efg-hohenahr.de/www/wp-content/uploads/2024/11/3.jpg" alt="" class="wp-image-227" srcset="https://efg-hohenahr.de/www/wp-content/uploads/2024/11/3.jpg 1920w, https://efg-hohenahr.de/www/wp-content/uploads/2024/11/3-300x169.jpg 300w, https://efg-hohenahr.de/www/wp-content/uploads/2024/11/3-1024x576.jpg 1024w, https://efg-hohenahr.de/www/wp-content/uploads/2024/11/3-768x432.jpg 768w, https://efg-hohenahr.de/www/wp-content/uploads/2024/11/3-1536x864.jpg 1536w" sizes="auto, (max-width: 1920px) 100vw, 1920px" /></a></figure>
</figure>



<p></p>
</div>
</div>



<p></p>
